 -4*x + 352. What is the greatest common divisor of w and x?
13
Suppose -364*c = -742314 - 96342. Calculate the highest common divisor of 504 and c.
72
Suppose 0 = -0*z + 6*z + 546. Let u = 126 + z. Suppose -5*k + 538 = 2*h, k - 78 - u = 5*h. Calculate the greatest common factor of 6 and k.
6
Let l(h) = 4 - 44*h - 48*h + 91*h. Let j be l(-11). What is the highest common factor of j and 135?
15
Let h be (-2)/(7/(-35) - (-402)/2060). Let k = h + -97. Let z be ((-14)/35)/((-3)/k). Calculate the highest common factor of z and 7.
7
Suppose 6*v - 2883 + 1497 = 0. Calculate the greatest common factor of 105 and v.
21
Suppose -2*u = 5*g + 2*u - 630, -4*u = 0. Suppose -6 = 3*p + 6. Let r = 10 - p. Calculate the highest common divisor of g and r.
14
Let d(s) = 3*s**2 + 57*s + 29. Let f be d(-18). Let r(l) = -l**3 - 25*l**2 - l + 40. Let q be r(f). What is the highest common divisor of 91 and q?
13
Suppose -17*z - 26*z - 301 = 0. Let x(m) = 6*m**2 - 15 - 6 + 0*m**2 + m**3 - 12*m. Let s be x(z). Calculate the highest common factor of s and 2.
2
Let j = 14449 + -10557. Calculate the highest common divisor of j and 84.
28
Suppose 7*v - 692 = 862. Suppose 0 = 2*a + p - 87, v = 5*a + 5*p - p. What is the highest common factor of a and 21?
21
Let h = -40 + 43. Suppose -h*c + 8*c + t = 431, 5*c - 433 = -3*t. Calculate the greatest common divisor of 215 and c.
43
Suppose -21*r + 147 + 3024 = 0. Suppose 6*l - r = 983. Calculate the greatest common divisor of 315 and l.
63
Let g be (-42)/(-6)*(-122 - -132 - 5/1). Let w(r) = 196 - r + 119 + 0*r. Let s be w(0). Calculate the greatest common factor of s and g.
35
Suppose 0 = -44*t + 49*t + 216320. Let p be t/(-91) - ((-16)/(-7))/(-4). What is the highest common divisor of p and 28?
28
Let m(s) be the second derivative of 1/20*s**5 + 5/12*s**4 + 0 - s + 1/2*s**3 - 1/2*s**2. Let b be m(5). What is the greatest common factor of b and 24?
24
Let b = -268 - -683. Let k(p) = 86*p**2 - p + 1. Let l be k(1). Let t = b - l. Calculate the highest common divisor of 47 and t.
47
Let k be (-5)/10*(10 + -14). Suppose k = j - h - 11, 2*j = -h + 17. Calculate the highest common factor of 90 and j.
10
Suppose l = -5*o + 3*o + 28, 4*l + o - 140 = 0. Suppose 1 = 2*p - 9, -4*g - 4*p + l = 0. What is the greatest common divisor of g and 16?
4
Let g be (-6)/(36/(-310)) - (-10 - (-348)/36). Let l be (-22)/(-11)*26/4. What is the greatest common divisor of l and g?
13
Suppose -3*n + 0*n + 5*z = -28, -5*n + 88 = 2*z. Let o be (-1)/3 + (2 - (-250)/(-15)). Let k = n - o. Calculate the highest common divisor of k and 341.
31
Let y be 3 - ((-3 - -1) + 5) - -780. Suppose -12*a + y = -2*a. Suppose b + 5*f + 43 = 4*b, -4*b - f + 19 = 0. Calculate the highest common factor of a and b.
6
Suppose 9052*y - 9059*y + 3304 = 0. Calculate the greatest common divisor of 295 and y.
59
Let z = -255 - -270. Let y be (306/z + -11)*2*5. What is the highest common divisor of 423 and y?
47
Let t be (48/30)/(128/8160). Calculate the greatest common factor of 323 and t.
17
Suppose -5*j - 20 = 0, 2*b - 3*b + 74 = -4*j. Let t be (-25)/(375/(-3924)) + 6/(-10). What is the greatest common factor of b and t?
29
Let y(p) = -3*p + p + 4*p - 57 - 19*p. Let c be y(-5). What is the highest common divisor of c and 14?
14
Let x(l) = -11*l + 58. Suppose 20*q - 19*q = 0. Let f be x(q). Calculate the highest common divisor of 464 and f.
58
Let w be (2 - 12/5) + (-18)/30. Let f be w/2 + 4700/200. What is the greatest common factor of f and 46?
23
Let d(x) = -x**3 - 9*x**2 + 42*x - 158. Let h be d(-14). Calculate the greatest common factor of 1742 and h.
26
Let v = 26 - 42. Let d = v + 47. Suppose -7 = 3*z - d. What is the greatest common divisor of 20 and z?
4
Suppose 3*q + 5*u - 2626 - 1882 = 0, -3*q + 4510 = 4*u. What is the highest common factor of q and 84?
6
Suppose z + w = 122, -3*z - 5*w = -4*w - 364. Calculate the highest common factor of 7381 and z.
121
Let h(u) = -u**3 + 8*u**2 + 11*u + 7. Suppose -366 + 86 = 2*m. Let d be (1 - (-116)/14) + 40/m. Let t be h(d). What is the greatest common factor of 125 and t?
25
Suppose 6*s - 17 = -239. Let q = 58 + s. Let k be (4/10)/(2/70). What is the highest common factor of q and k?
7
Let g(b) = -6*b - 4. Let s be g(-1). Let p be 0 + s - (2 - 77). Suppose a = -2*a + 2*o + 39, -5*a = -3*o - 64. Calculate the greatest common factor of p and a.
11
Let c(b) = 2*b**2 + 2*b + 4. Let f be c(-5). Let q = -258 - -263. Suppose j = -d + 6 + 9, q*j - 35 = 5*d. What is the highest common divisor of f and j?
11
Suppose -213*l + 337250 = 37*l. Calculate the greatest common divisor of l and 38.
19
Let s be (-12)/16 + 7/4 + -5. Let m be (-14)/s + 24/(-48). Let o = 16 - -5. Calculate the highest common divisor of m and o.
3
Let l(d) be the second derivative of d**5/20 + 19*d**4/12 + 53*d**3/6 - 35*d**2/2 + 128*d. Let p be l(-15). Calculate the greatest common factor of 10 and p.
10
Let m = 15229 + -15152. What is the greatest common divisor of m and 319?
11
Suppose 60*o - 30*o - 7320 = 0. What is the greatest common factor of o and 14762?
122
Suppose 4*m = -2*f + 104, -5*f = -0*f - 5*m - 245. Suppose 4*a - 8*a = 2*x - f, 0 = -4*a - 12. What is the highest common divisor of x and 496?
31
Let a be ((-15)/(-15))/((-122773)/(-92064) - (-8)/(-6)). Calculate the highest common factor of 1918 and a.
274
Suppose 20 = 3*o - 2*r, 14 + 1 = o + r. Suppose -49419 = 147*z - 192009. What is the greatest common factor of z and o?
10
Let q = -17 - -63. Let t(x) = -136*x**3 + 67*x**3 - 25*x**2 + q + 68*x**3 + x. Let m be t(-25). What is the highest common factor of 21 and m?
21
Let b(y) = -113*y + 1702. Let o be b(14). What is the greatest common divisor of o and 9480?
120
Suppose 4*n - 6*t = -7*t + 26, -2*t = -3*n + 14. Let s be n - (-7 + -90)*3. Calculate the highest common divisor of 33 and s.
33
Suppose -2*x = -443 + 235. What is the greatest common divisor of x and 552?
8
Let l = -11 + 61. Let u be 50/(-10) + 4 + -1. Let y be (-15)/u*100/6. What is the greatest common factor of y and l?
25
Let m(o) = o**2 - 6*o - 8. Let h be m(4). Let i be 3/(-2)*h/12. Suppose -21 = -2*x - q, 0 = x + i*q + 2*q - 28. Calculate the greatest common factor of x and 8.
8
Suppose 4*q - 509 = 2*z + 5577, 4*q - 3*z - 6091 = 0. Calculate the greatest common factor of 147 and q.
49
Let w = 2 - 1. Let j be (w/((-3)/9) + 3)/(-2). Suppose -4*n + n + 60 = j. Calculate the greatest common divisor of n and 20.
20
Suppose 2*z = -10, -96*c + 92*c - 5*z = -311. Calculate the greatest common factor of c and 658.
14
Let z = -48502 - -69581. Calculate the highest common divisor of z and 321.
107
Let a(r) = 4*r + 20. Let w be a(-6). Let b be w*((-45)/6 + 1). What is the highest common factor of 52 and b?
26
Let c = -505 - -454. Let u = 13 - c. What is the highest common factor of 112 and u?
16
Let h = -74 - -78. Suppose h*a + 1080 = -0*a. Let m = a + 378. Calculate the highest common factor of 12 and m.
12
Suppose -4*h + 3*c + 72 = 2*c, 5*h + 4*c = 90. Let m = -354 + 359. Suppose m*r + 100 = -2*t + 4*t, 3*r = t - 51. What is the highest common factor of t and h?
9
Let d = 164 + -134. Suppose -2*i + 27 + d = -5*k, 58 = 3*i - 2*k. Calculate the greatest common divisor of 4 and i.
4
Let q = 1 - -1. Let f(y) = -4*y**3 - y**q + y - 3 + 5 - 7. Let z be f(-4). Calculate the greatest common factor of 21 and z.
21
Suppose 0 = 15*l + 8*l. Suppose l = 19*v - 974 - 394. What is the highest common divisor of 8 and v?
8
Let x = -6210 + 6590. Calculate the greatest common divisor of 860 and x.
20
Suppose 5*w - 109 = k, -16 = -2*k - 4. What is the highest common factor of 3703 and w?
23
Suppose 155*l + 72162 = 366*l. Calculate the highest common factor of 144 and l.
18
Suppose 6 = 3*r - 0. Suppose 0 = -8*a + 18 - r. Suppose 2*p - 112 = -3*v + 2*v, -a*v = p - 62. What is the highest common factor of 81 and p?
27
Let g be (-1 + -1)*(-396)/12. Let j = g - -67. Suppose -3*s = -2*q + j, -5*q - 2*s + 322 = s. Calculate the highest common factor of 26 and q.
13
Let j(g) = -g + 21. Let t be j(0). Suppose -5 = 22*z - t*z. Let r be (z/((-15)/(-9)))/((-1)/9). Calculate the highest common divisor of r and 18.
9
Suppose m + n - 31 = 123, 2*m - 5*n - 294 = 0. Calculate the greatest common divisor of m and 504.
8
Let f(v) = 2*v*